{"id":60,"date":"2021-12-04T15:13:34","date_gmt":"2021-12-04T14:13:34","guid":{"rendered":"http:\/\/beta.loge-suelfmeister.de\/?page_id=60"},"modified":"2021-12-06T18:36:52","modified_gmt":"2021-12-06T17:36:52","slug":"druiden-orden","status":"publish","type":"page","link":"https:\/\/loge-suelfmeister.de\/index.php\/druiden-orden\/","title":{"rendered":"Druiden-Orden"},"content":{"rendered":"\n<p>Der Druiden-Orden wurde 1781 in England gegr\u00fcndet, als die Aufkl\u00e4rung die Menschen zum Gebrauch ihres eigenen Verstandes ermunterte und Freiheit, Gleichheit und Br\u00fcderlichkeit f\u00fcr alle Menschen durchzusetzen versuchte.<\/p>\n\n\n\n<p>Die Gr\u00fcnder unserer Gemeinschaft w\u00e4hlten den Namen der Druiden, weil sie in ihnen Gelehrsamkeit und Naturverbundenheit verk\u00f6rpert sahen. Die Druiden waren die &#8222;Weisen&#8220;, die stets bestrebt waren, ihr Wissen zu mehren und Verantwortung zu \u00fcbernehmen.<\/p>\n\n\n\n<p>Unsere Logenarbeit soll &#8211; auch im Sinne der Philosophie der Aufkl\u00e4rung &#8211; die ethisch-moralischen Grundlagen f\u00fcr ein Leben in Selbstbestimmung und Freiheit f\u00f6rdern. Das br\u00fcderliche Gespr\u00e4ch zeigt oft Wege zu diesen Zielen. Die Mitarbeit in unseren Logen f\u00f6rdert so die Entwicklung der Pers\u00f6nlichkeit und tr\u00e4gt zu verantwortungsvollem gesellschaftlichen Handeln bei.<\/p>\n\n\n\n<figure class=\"wp-block-image size-large is-resized\"><img decoding=\"async\" src=\"https:\/\/beta.loge-suelfmeister.de\/wp-content\/uploads\/2021\/12\/Logo_Druiden-700x407.jpg\" alt=\"\" class=\"wp-image-92\" width=\"648\" srcset=\"https:\/\/loge-suelfmeister.de\/wp-content\/uploads\/2021\/12\/Logo_Druiden-700x407.jpg 700w, https:\/\/loge-suelfmeister.de\/wp-content\/uploads\/2021\/12\/Logo_Druiden-300x174.jpg 300w, https:\/\/loge-suelfmeister.de\/wp-content\/uploads\/2021\/12\/Logo_Druiden-768x447.jpg 768w, https:\/\/loge-suelfmeister.de\/wp-content\/uploads\/2021\/12\/Logo_Druiden.jpg 784w\" sizes=\"(max-width: 700px) 100vw, 700px\" \/><\/figure>\n\n\n\n<p>Der Druiden-Orden ist heute eine internationale Organisation. \u00dcber die Landesgrenzen hinweg will er der V\u00f6lkerverst\u00e4ndigung und dem gegenseitigen Vertrauen dienen. Er besteht aus lokalen Gruppen in der Rechtsform eingetragener Vereine.<br><br>Unser Wahlspruch lautet: Einigkeit &#8211; Frieden &#8211; Eintracht!<\/p>\n\n\n\n<p>Unsere Ideale sind Br\u00fcderlichkeit aller Menschen, t\u00e4tige N\u00e4chstenliebe, Toleranz und das Eintreten f\u00fcr die Menschenrechte.<\/p>\n","protected":false},"excerpt":{"rendered":"<p>Der Druiden-Orden wurde 1781 in England gegr\u00fcndet, als die Aufkl\u00e4rung die Menschen zum Gebrauch ihres eigenen Verstandes ermunterte und Freiheit, Gleichheit und Br\u00fcderlichkeit f\u00fcr alle Menschen durchzusetzen versuchte. Die Gr\u00fcnder unserer Gemeinschaft w\u00e4hlten den Namen der Druiden, weil sie in ihnen Gelehrsamkeit und Naturverbundenheit verk\u00f6rpert sahen. Die Druiden waren die &#8222;Weisen&#8220;, die stets bestrebt waren, &hellip; <\/p>\n<p class=\"link-more\"><a href=\"https:\/\/loge-suelfmeister.de\/index.php\/druiden-orden\/\" class=\"more-link\"><span class=\"screen-reader-text\">\u201eDruiden-Orden\u201c<\/span> weiterlesen<\/a><\/p>\n","protected":false},"author":2,"featured_media":0,"parent":0,"menu_order":0,"comment_status":"closed","ping_status":"closed","template":"","meta":{"footnotes":""},"class_list":["post-60","page","type-page","status-publish","hentry"],"_links":{"self":[{"href":"https:\/\/loge-suelfmeister.de\/index.php\/wp-json\/wp\/v2\/pages\/60","targetHints":{"allow":["GET"]}}],"collection":[{"href":"https:\/\/loge-suelfmeister.de\/index.php\/wp-json\/wp\/v2\/pages"}],"about":[{"href":"https:\/\/loge-suelfmeister.de\/index.php\/wp-json\/wp\/v2\/types\/page"}],"author":[{"embeddable":true,"href":"https:\/\/loge-suelfmeister.de\/index.php\/wp-json\/wp\/v2\/users\/2"}],"replies":[{"embeddable":true,"href":"https:\/\/loge-suelfmeister.de\/index.php\/wp-json\/wp\/v2\/comments?post=60"}],"version-history":[{"count":4,"href":"https:\/\/loge-suelfmeister.de\/index.php\/wp-json\/wp\/v2\/pages\/60\/revisions"}],"predecessor-version":[{"id":93,"href":"https:\/\/loge-suelfmeister.de\/index.php\/wp-json\/wp\/v2\/pages\/60\/revisions\/93"}],"wp:attachment":[{"href":"https:\/\/loge-suelfmeister.de\/index.php\/wp-json\/wp\/v2\/media?parent=60"}],"curies":[{"name":"wp","href":"https:\/\/api.w.org\/{rel}","templated":true}]}}